lse
Suppose -2*y - 1914857 = -c, -5*c - 2204*y + 9574285 = -2205*y. Is c a composite number?
True
Is 14/4*((-813090)/(-35))/3 a prime number?
True
Let x = -1941 - -1343. Let s = x + 2751. Is s a composite number?
False
Let l = 106 + -101. Suppose -3*z = -l*w - 1201, -3*z - w + 615 = -610. Is z a composite number?
True
Let y be 555/120 + 3/8. Let g = -123 - -2320. Suppose 6962 = y*x + g. Is x a prime number?
True
Let n = 49118 + 20253. Is n a prime number?
True
Is ((-16)/(-4) + 10590)/4*(-112)/(-8) a composite number?
True
Let q = 13 - 6. Let s(v) = 0 + q - 83*v - 1 + 9. Is s(-4) a prime number?
True
Let a = 123021 + -37714. Is a a composite number?
True
Let c = -51 - -102. Suppose -54*f = -c*f - 3741. Let y = f + -776. Is y a prime number?
False
Suppose -286097 = -3*g - 5*t, 679*g - 682*g = 4*t - 286099. Is g a composite number?
False
Let i = -252 + 252. Suppose 5*w + 5*x - 820 = i, 2*w = -0*w + 4*x + 340. Is w a composite number?
True
Let c(s) = 402*s**2 + 158*s + 19. Is c(-10) a composite number?
False
Let r(y) be the first derivative of y**2/2 - 11*y + 12. Let w be r(11). Suppose 0 = -w*x - 5*x + 3455. Is x composite?
False
Let g = 299 - 295. Suppose -4*d - 2*h = -85911 + 10335, -g*d + 75568 = -2*h. Is d prime?
False
Let r(c) = 105*c + 42. Let n(m) = 2. Let i(x) = 5. Let s(h) = -i(h) + 3*n(h). Let f(v) = r(v) + 4*s(v). Is f(19) composite?
True
Suppose 2*t - 5*u = 21, 12*u = 3*t + 13*u - 6. Suppose 20*l + t*l = 86227. Is l a prime number?
False
Suppose 153*b + 1192685 = 158*b + 4*g, 4*g - 477062 = -2*b. Is b a composite number?
True
Suppose 591899 = 5*u - 2*p, -3*p + 148028 = 2*u - 88743. Is u a composite number?
True
Suppose 0 = 42*z + 1008676 - 4801066. Is z composite?
True
Let q be ((-14)/(-4))/(3/(-90)). Is (-3)/((q/(-1895))/(-7)) prime?
True
Let r(k) be the third derivative of k**6/60 - k**5/12 - k**4/4 - 2*k**3/3 + 2*k**2. Suppose 0 = -12*b - 27 + 111. Is r(b) composite?
True
Let x = -13 - 2. Is 4838*x/(-80) - 1/8 composite?
False
Let l be 6 - (-7 + 100/10). Suppose 16*c - 13*c - 57240 = 3*p, l*p = 5*c - 95394. Is c a prime number?
False
Let z(x) be the first derivative of 71*x**5/30 - 11*x**4/24 - 7*x**3/3 - 34. Let d(v) be the third derivative of z(v). Is d(23) a prime number?
True
Suppose -i = -0*i - 5, h = 3*i + 13982. Suppose 10*s - 90007 = -h. Is s a composite number?
True
Let h be 12 + -1 + 0 + (-33)/11. Suppose -h*o - 4204 + 15524 = 0. Is o composite?
True
Is ((-5)/(-60))/((-22)/(-29044488)) composite?
False
Suppose -15*c + 5830610 = 4*f - 53*c, -2*f + 2915230 = -4*c. Is f composite?
True
Let x be 6*100/(-2) + 2. Suppose -346 = 4*b - 4*o + 2*o, 431 = -5*b + 2*o. Let s = b - x. Is s prime?
False
Let b(s) = 246*s**2 + 2*s + 13. Is b(9) composite?
True
Let u(z) = -z**2 + 3*z + 1. Let d be u(3). Is d/(0 - (-1)/677) a prime number?
True
Suppose 4*h = 5*w + 178632, 4*h + 3*w - 254613 + 76013 = 0. Is h a composite number?
True
Let y = 109665 + -57656. Is y a composite number?
False
Let l(q) = -q**2 + 21*q + 171. Let h be l(27). Is (13672/32*6)/(h/12) prime?
False
Let f(v) = -4838*v + 169. Is f(-30) a composite number?
True
Suppose -16*a + 19*a + 18 = 0. Let i(t) = -12*t**3 + t**2 + 9*t - 1. Let v(u) = u**3 - u**2 + u - 1. Let x(y) = i(y) + 6*v(y). Is x(a) composite?
False
Suppose -100 = -5*c - 2*y, -y = 2*c + 4*y - 61. Suppose c*x - 7*x = 0. Suppose q = 5*b - 7310, x*q + q + 5 = 0. Is b composite?
True
Let w(r) = -r**3 - 15*r**2 - 10*r + 38. Let y(g) = -8*g**2 - 5*g + 19. Let h(s) = -4*w(s) + 9*y(s). Let c be h(9). Let d = -1065 + c. Is d composite?
False
Let v(s) = s**2 - 19*s + 90. Let h be v(8). Is -4 + (-1 + h)*2187 composite?
True
Let w be (-7182)/(-8) - (-1)/4. Suppose 0 = -3*s + 4*f, 2*f + 0*f = 6. Suppose 6*i - s*i - w = 0. Is i a prime number?
True
Suppose -8*q - 98 = 94. Let p be (-2 + q/(-9))/(5/(-90)). Is p*((-194)/(-20))/(22/(-55)) composite?
True
Let w(r) = -r**3 + 10*r**2 - 2*r - 9. Let s be (-2)/((-1 - 0) + (-19)/(-18)). Let x be (0 + (-5)/2)/(18/s). Is w(x) a prime number?
False
Let d be (140/12)/((-40)/(-144)). Let v(f) = f**3 - 36*f**2 - 106*f + 65. Is v(d) composite?
False
Suppose 0 = q - 5 + 3. Let c be -139*(7 - (2 + q)). Let n = c + 950. Is n a prime number?
False
Let x(c) = 2370*c + 1375. Is x(31) prime?
False
Is 60598 + -247 + 4*1*-2 composite?
False
Let i(x) = 193 - 47 - 756*x - 61 - 54. Is i(-8) composite?
False
Suppose -m = -d - 1, -5 - 6 = -4*d + m. Let l be d/(-10) - 82985/(-25). Suppose 2*s - l = 3087. Is s composite?
False
Let j(m) = -2*m**2 - 10*m + 16. Let t(o) = -5*o**2 - 20*o + 33. Let w(z) = 13*j(z) - 6*t(z). Let l be (-159)/371 - 31/(-7). Is w(l) a prime number?
False
Let i(k) = -45673*k + 19. Let l be i(3). Is l/(-72) + 4/18 a composite number?
True
Let u be (8 + -1201)/((-2 - -1)/(-4)). Let p = u - -9213. Is p a prime number?
True
Suppose -5*x = b - 4*b - 116, 48 = 2*x - 2*b. Suppose x*s - 21*s = d - 2302, -5*d + 11519 = -2*s. Is d composite?
True
Suppose 2*z = -5*v - 1 + 2, -3 = -2*z - 3*v. Suppose 3*u = z*x + 7284, 4*u - 1572 - 8141 = 3*x. Is u composite?
True
Let h = 104 - 102. Suppose -5*d + 12082 = 5*q - 96748, -h*d = 2. Is q a composite number?
False
Suppose -19*s = -9*s - 9289416 - 2074414. Is s prime?
True
Suppose -2*n = -2 - 4. Suppose k + 5*x = 26, k + x - 13 + n = 0. Suppose 0 = -k*l + 7*l - 159. Is l composite?
True
Let z be 3/(2/26 - 0). Suppose 4*u + 24 = s, 0 = -2*s + 19*u - 20*u + 3. Suppose -s*i + 45 + z = 0. Is i prime?
False
Is 880074/13 + 42/6 + -6 a prime number?
True
Suppose g + 6 = -1. Let m be (g - (1 + -4))*-2. Let u(k) = k**2 - 9. Is u(m) prime?
False
Let i(o) be the third derivative of -5*o**4/6 + o**3/3 - 13*o**2. Let u be i(-1). Suppose -u*z + 26*z - 536 = 0. Is z a prime number?
False
Let j(a) = a**2 + 3*a - 44. Let k be j(-8). Is (-23914)/33*6/k composite?
False
Suppose 0 = -3*m - 2*z + 70, 3*m = 2*z + 5 + 45. Let a(l) = l**3 - 26*l + 33. Is a(m) prime?
False
Let d be ((-35)/(-84))/(11/132). Let k(q) = q. Let w be k(4). Suppose z = 5*j - 472, d*z = 2*j + w*z - 190. Is j composite?
True
Suppose 2*r + 8 = 5*t - 2*r, -5*r - 10 = t. Let s be (t + -2 - -14)*1/(-3). Let f(a) = -9*a**3 + 3*a**2 + 6*a + 11. Is f(s) prime?
False
Let g = -36995 - -72688. Is g composite?
True
Let x(h) = -h**2 + 12*h - 16. Suppose -w + s = -2*s - 16, 0 = 2*w - 4*s - 28. Let r be x(w). Is (-23)/(-182*3/(-138) - r) composite?
True
Suppose -22*m + 40 = -62*m. Let y(r) = 1258*r**2 - 6*r + 9. Let t(d) = 1258*d**2 - 5*d + 8. Let z(g) = 7*t(g) - 6*y(g). Is z(m) a prime number?
True
Let p be (-2)/(12 - 2) + 595/(-25). Let u be p/15 - (-6)/(-15). Is u/(-7) + (-74061)/(-21) a composite number?
False
Let n(d) = 6*d**3 - 10*d**2 + 5*d + 6. Let v(p) = 6*p**3 - 11*p**2 + 6*p + 6. Let o(h) = -6*n(h) + 5*v(h). Suppose -725 = z - 720. Is o(z) a prime number?
False
Is (7340528/(-624))/(1/(-9)) prime?
False
Let g be (15 + 1058/14)*21. Let t be 1468/6*(-6)/(-4). Suppose g = 5*a + t. Is a a prime number?
True
Suppose -5*y - 12*z + 10 = -3*y, 2*y - 10 = 4*z. Let l be 10/((-1 - -2)/2). Suppose l = y*v - 1235. Is v composite?
False
Let l = 21 + -21. Suppose -14*b = -9*b. Is -2 + l + 2 - (b + -437) a prime number?
False
Is (((27/(-2))/9)/(-6))/(3/14105244) composite?
False
Let q = -4391 - -3000. Let w = q - -2320. Is w a prime number?
True
Let g(t) = 69*t - 11. Let i be g(5). Suppose -5*r + i - 74 = 0. Is (-4078)/(-26) - (-8)/r composite?
False
Suppose -119*i - 139338479 = -396*i. Is i prime?
False
Let m be 14/4 + 407328/(-192). Let h = m + 4297. Is h prime?
True
Let o be 1716*1 + 12/(-3). Let q be -824 - (-3 + (2 - 0)). Let k = o + q. Is k a prime number?
False
Suppose -16*r + 286375 = 13*r. Suppose -13*h = -38*h + r. Is h composite?
True
Let u = 78164 - 34154. Let t = u + -16055. Is t prime?
False
Suppose 20*h - 461404 - 1781896 = 0. Is h composite?
True
Let t(g) = -8011*g**3 + 8*g**2 + 13*g + 1. Is t(-3) prime?
False
Let l be 2*-3*(-3590)/6. Suppose 717 = 44*i - 43*i - 2*m, 5*i - 5*m = l. Is i a prime number?
True
Suppose -1343 = 2*o - 3*o + 3*t, -o + t = -1353. Let h = 2377 - o. Suppose -h = -3*d + 3*l + 886, 1889 = 3*d + 5*l. Is d composite?
True
Is ((-24422)/(-10))/((-353)/(-19415)) composite?
True
Suppose 2*g = 5*y + 18145 + 4027, 4*y + 11077 = g. Is g prime?
False
Suppose -j + 34619 = -2*t + 6006, 0 = -3*